 prime factors of p.
2, 3, 5
Let l(r) = r**3 + 2*r**2 - 10*r - 4. Let f be l(-4). What are the prime factors of 182 + 3/(f/(-4)*1)?
179
Let l = 51 - 49. Suppose 3 = -3*c, -l*b + 37 = 2*b - 5*c. List the prime factors of b.
2
Suppose 18*g - 5*k - 587 = 17*g, 5*g - k = 3031. What are the prime factors of g?
607
Suppose 4*b + 20 = -4*s, 2*b - 5*s - 29 = -4. Suppose b = a + 2*a + 9. What are the prime factors of (9 + a)*10/6?
2, 5
Suppose 0 = 5*n - k - 1426, -36*k = 3*n - 38*k - 857. What are the prime factors of n?
3, 5, 19
Suppose 4*q + 2 = 14. Suppose q*d + 43 = i, 5*i + 4*d - d = 161. Suppose 3*u - r = i, -2*u = 2*r - 7 - 21. List the prime factors of u.
2, 3
Let p(x) = -4*x + 3. Let f(k) = -7*k + 6. Let y(d) = -6*f(d) + 11*p(d). Let r be y(2). Let a(n) = -6*n + 6. List the prime factors of a(r).
2, 3
Let m = 12 - 8. Let x = m + 43. What are the prime factors of x?
47
Let q be ((-20)/15)/(1/(-6)). Let p = q - 5. Suppose 0 = -p*u - 136 + 340. List the prime factors of u.
2, 17
Let x(a) = 4*a**2 - a - 36. What are the prime factors of x(11)?
19, 23
Suppose 0 = 3*v - 5*f + 10, -20 - 5 = -v - 4*f. Let g be 85/v + 6/2. Let i = 33 - g. What are the prime factors of i?
13
Let m = 1063 - 427. What are the prime factors of m?
2, 3, 53
Let c = -62 - -29. Let y = 103 + -45. Let p = y + c. What are the prime factors of p?
5
Let m(u) = -33*u + 7. Let t be (0/4)/1 - 2. What are the prime factors of m(t)?
73
Suppose -2*r - 2*z + 4574 = 0, 0 = 5*r - 4*z + z - 11427. What are the prime factors of r?
2, 3, 127
Let j = 70 + 471. What are the prime factors of j?
541
Suppose -3*z - 2 - 2 = 5*o, -2*o = -z - 5. Let r(p) = 145*p**3 + 1. List the prime factors of r(o).
2, 73
Suppose 120 = 9*v - 7*v. Suppose s = 2*n, -n = -2*s + n. Suppose 0*j - 3*j + v = s. What are the prime factors of j?
2, 5
Let t(w) = -w**3 + 9*w**2 + 3*w - 9. Let o be t(8). Suppose 4*h + o = 4*f + h, 0 = -4*f - 3*h + 49. What are the prime factors of f/3*15/10?
2
Let s be 8/(64/(-20))*(-36)/10. Suppose 0 = -5*d + s*d + r - 276, -4*d + 3*r = -276. List the prime factors of d.
3, 23
Suppose -2*h + 3*h = 115. Let i = 303 - h. List the prime factors of i.
2, 47
Suppose d = -3*n + 5*n + 956, 3794 = 4*d + 2*n. List the prime factors of d.
2, 5, 19
Let j be 0/(-2 - 9/(-3)). Suppose -5*d - 5*f + 105 = 0, -2*d + 52 = -j*d - 3*f. Let v = d - 1. What are the prime factors of v?
2, 11
Suppose -4*h + 2*v = 1210, 2*h + 2*v = -737 + 129. Let w = -201 - h. List the prime factors of w.
2, 3, 17
What are the prime factors of (-6)/(-24) - 2154/(-24)?
2, 3, 5
Suppose -v - 4*q = -3*q, 12 = -3*v + q. Let b be (-10)/(-5) + (0 - v). Suppose -b*s = z - 79, s + 2*z = z + 19. List the prime factors of s.
3, 5
Let m = 445 - 227. What are the prime factors of m?
2, 109
Suppose 2*w + 32 = -2*f, -5*w + 4*f = 70 + 1. Let n = 98 + w. What are the prime factors of n?
83
Let a(c) = 58*c**2 - 11*c + 143. What are the prime factors of a(8)?
3767
Let r = -1137 + 2556. List the prime factors of r.
3, 11, 43
Suppose -3*i = 5*o - 290, 4*i + 7 = 27. Let v = o - 9. What are the prime factors of v?
2, 23
Let p = 19 + -18. Let y(n) = -43*n - 2. Let a be y(p). What are the prime factors of (36/a)/(2/(-5))?
2
Suppose -6 = -j - 3*x, 0 = -3*x + 4 + 2. Let o be 4*4 - 0/2. Suppose -2*u + 50 + o = j. What are the prime factors of u?
3, 11
Suppose 3*w = x - 0*w - 61, -w = 3*x - 153. Suppose u + 5*h - 47 = 0, 0*u - u - 4*h = -x. What are the prime factors of u?
2, 3
Let p = 93 - 54. Let s = p + 36. What are the prime factors of s?
3, 5
Let n = 331 + -143. Suppose 0 = -3*k - 4*x + n, -4*k + 229 = -0*k + x. Suppose 0 = -q - 3*q + k. List the prime factors of q.
2, 7
Let g = -1077 + 2161. List the prime factors of g.
2, 271
Let k(d) = 3*d**2 + 9*d + 18. Let b = 142 - 148. What are the prime factors of k(b)?
2, 3
Suppose 4 + 1 = -p. Let u(z) = 5*z**2 - 4*z + 3*z + z**3 + 0*z**3 + 1. List the prime factors of u(p).
2, 3
Let z be (-20 - 0)/((25/(-10))/5). Suppose 47*a - z*a - 1148 = 0. What are the prime factors of a?
2, 41
Suppose 0 = -8*i + 66*i - 102022. What are the prime factors of i?
1759
Let o(u) = 60*u**2 + 4*u + 61. What are the prime factors of o(5)?
3, 17, 31
Let k(b) = b**3 + 6*b**2 - 8*b - 2. Let y be k(-7). Suppose -i + m = -41 - 26, -y*m = i - 61. Suppose -2*t + 4*t - i = 0. What are the prime factors of t?
3, 11
Let g(a) = -a**3 + 41*a**2 + 141*a - 101. What are the prime factors of g(42)?
4057
What are the prime factors of -2*(-14)/(112/4380)?
3, 5, 73
Let w(v) = v**3 + v**2 - v + 294. Suppose -3*n - 2*z + 8 = 0, z = -z + 8. Let x be w(n). Suppose -4*k + x = 3*k. List the prime factors of k.
2, 3, 7
Let z be (-32)/12*21/2. Let v = z - -31. Suppose -v*h - n = -5*n - 121, -2*h + 104 = 2*n. List the prime factors of h.
47
Let a(y) = -y**3 + 5*y**2 + 4. Let z be a(5). Suppose 15 = -z*d + 43. What are the prime factors of d?
7
Let l = -3 - 0. Let a be 3/l + -7 - -3. Let i(h) = 2*h**2 + 7*h + 5. List the prime factors of i(a).
2, 5
Let j be (-13)/(-4) + 12/16. List the prime factors of j*(-3 + 85/10).
2, 11
Suppose -4*k + 949 = 5*y, -469 = -2*k + 2*y + y. What are the prime factors of k?
2, 59
Let s(i) = 17*i**3 + 2*i**2 - 22*i + 29. List the prime factors of s(4).
1061
Suppose -4*f - 2*u + 47 = u, -4*f = 5*u - 49. Suppose 0 = -f*n + 6*n + 615. List the prime factors of n.
3, 41
Let q = 314 - -300. List the prime factors of q.
2, 307
List the prime factors of (-51)/(21/(-196) - 0).
2, 7, 17
What are the prime factors of -2 + (-5383)/(-21)*3?
13, 59
Let m be (-5)/110*4 + 262/(-11). Let j = 51 - m. List the prime factors of j.
3, 5
Suppose 0*d = -q + 5*d + 10, 0 = -3*q - 2*d - 4. Suppose n + q = 3. Suppose -8 = -n*x + 2*x. What are the prime factors of x?
2
Suppose 3*w - 2*w = 5*c - 35, 0 = -3*c - 9. Let k = w + 80. List the prime factors of k.
2, 3, 5
Suppose 0 = 21*u - 16*u - 4880. List the prime factors of u.
2, 61
Let h(g) = 23*g + 2*g**3 - 4*g**2 - 17*g - 10 + 0*g**2. List the prime factors of h(4).
2, 3, 13
Suppose -5*m + 47 + 26 = v, -3*v - 2*m = -193. List the prime factors of v.
3, 7
Let b = -136 - -166. Suppose -4*k - b = -9*k. What are the prime factors of k?
2, 3
Let f = -263 + 383. What are the prime factors of f?
2, 3, 5
Suppose 0 = -5*w - n + 2*n + 4010, 4*w - 3208 = -n. What are the prime factors of w?
2, 401
Suppose 8 = 2*n - 4. Suppose 188 = n*k - 34. What are the prime factors of k?
37
Suppose 2 + 30 = 8*b. Suppose 0 = y + b*i + i - 132, 2*y + 5*i - 269 = 0. What are the prime factors of y?
137
Let q be 0*((3 - 1) + -3). Suppose 8*l - 9*l + 7 = q. Let b = l - -1. What are the prime factors of b?
2
List the prime factors of 1062/(-1 - 20/(-8)).
2, 3, 59
Let t = 507 + -276. What are the prime factors of t?
3, 7, 11
List the prime factors of 12134/18 - 9/81.
2, 337
Let m(j) = -4*j + 12. Let n(t) = 7*t - 25. Let g(r) = -14*m(r) - 6*n(r). What are the prime factors of g(6)?
2, 3, 11
Let h = -38 - -42. Suppose -2*g + h + 4 = 0. List the prime factors of g + 3/(-1) - -57.
2, 29
Let y be 6/(-2)*22/3. Let w = y + 27. What are the prime factors of w + (0 - (4 - 1))?
2
Let b(i) = 3*i + 11. Let t be b(-2). Suppose -1144 + 284 = -t*l. What are the prime factors of l?
2, 43
Suppose 9*u - 16 = u. Suppose 0 = -4*f + 5*y - 3, -3*y + 24 = 4*f + f. Suppose 3*l - 5*q = 151, -u*l - f*q = 2*l - 182. What are the prime factors of l?
47
Let i(b) = b**2 + 8*b - 20. Let x be i(-10). Suppose x*h = 2*h - 4. List the prime factors of ((-372)/(-15))/(h/5).
2, 31
Suppose 14*z - 23*z = -27. Suppose -25 = -z*m + 8. List the prime factors of m.
11
Let m be 5 + (3 - (-1 + 1)). Let r(z) = -z**2 + 12*z + 6. List the prime factors of r(m).
2, 19
Suppose 16*d = 21139 - 1027. What are the prime factors of d?
3, 419
Let c = -7 - -1. Let t be c/(-27) + (-50)/(-18). Suppose t + 20 = a. List the prime factors of a.
23
Let w(x) = -61*x + 11. Let u be w(-3). Suppose i - 34 + u = 5*d, -13 = -d + 4*i. What are the prime factors of d?
3, 11
Let m be (-15)/(-2)*(-4 + 670/(-15)). Let y = -235 - m. List the prime factors of y.
2, 5, 13
Let r = -12 + -9. What are the prime factors of (1 - -2)*(-7)/r - -95?
2, 3
Let l(a) = 6*a - 5. Suppose -12 = -8*p + 12. List the prime factors of l(p).
13
Suppose 36 = 2*l + 24. Suppose 0 = 4*p + s - 402, 0 = -4*s + 14 - l. List the prime fa